 when 181387 is divided by 3507?
2530
What is the remainder when 1424356 is divided by 167?
13
What is the remainder when 16821041 is divided by 186?
131
What is the remainder when 42736 is divided by 6857?
1594
What is the remainder when 1722347 is divided by 3636?
2519
What is the remainder when 56173 is divided by 966?
145
What is the remainder when 325153482 is divided by 2714?
2712
Calculate the remainder when 9309150 is divided by 1850.
1800
What is the remainder when 281918 is divided by 281907?
11
Calculate the remainder when 20869432 is divided by 17.
11
Calculate the remainder when 31886 is divided by 6228.
746
Calculate the remainder when 99154232 is divided by 138.
128
Calculate the remainder when 67593347 is divided by 3829.
10
Calculate the remainder when 837146 is divided by 242.
68
Calculate the remainder when 2804640 is divided by 73806.
12
What is the remainder when 235313 is divided by 4058?
4007
What is the remainder when 305051 is divided by 101?
31
What is the remainder when 4095333 is divided by 2566?
2563
What is the remainder when 65022 is divided by 21560?
342
Calculate the remainder when 142071 is divided by 67807.
6457
Calculate the remainder when 125953863 is divided by 528.
519
Calculate the remainder when 36227983 is divided by 47.
7
Calculate the remainder when 182857 is divided by 182705.
152
Calculate the remainder when 14506445 is divided by 31.
26
What is the remainder when 55029688 is divided by 90?
88
Calculate the remainder when 138807 is divided by 4445.
1012
Calculate the remainder when 449581 is divided by 449547.
34
What is the remainder when 77004204 is divided by 6417017?
0
What is the remainder when 20001022 is divided by 240976?
14
Calculate the remainder when 64798158 is divided by 16.
14
Calculate the remainder when 599821 is divided by 8819.
129
What is the remainder when 1138973 is divided by 1329?
20
Calculate the remainder when 48601 is divided by 12048.
409
Calculate the remainder when 3584716 is divided by 1194893.
37
Calculate the remainder when 4809050 is divided by 2907.
872
Calculate the remainder when 7467491 is divided by 414859.
29
What is the remainder when 61214553 is divided by 53?
30
Calculate the remainder when 1009450 is divided by 122.
22
Calculate the remainder when 5517743 is divided by 13828.
371
Calculate the remainder when 35339177 is divided by 5392.
9
Calculate the remainder when 636655 is divided by 603.
490
What is the remainder when 29236 is divided by 2213?
467
What is the remainder when 3514336 is divided by 169?
150
What is the remainder when 155225 is divided by 2413?
793
What is the remainder when 2081125 is divided by 30161?
16
Calculate the remainder when 194314227 is divided by 296.
291
What is the remainder when 23655967 is divided by 3679?
3676
Calculate the remainder when 20253641 is divided by 6658.
5
What is the remainder when 39793227 is divided by 437288?
19
Calculate the remainder when 283768033 is divided by 18.
13
What is the remainder when 8797 is divided by 5973?
2824
What is the remainder when 89597034 is divided by 89597018?
16
What is the remainder when 1047026 is divided by 758?
228
What is the remainder when 310903 is divided by 448?
439
Calculate the remainder when 3325242 is divided by 77.
74
What is the remainder when 1496860 is divided by 249475?
10
What is the remainder when 3027501 is divided by 1357?
34
Calculate the remainder when 3367084 is divided by 336707.
14
What is the remainder when 856243 is divided by 1479?
1381
Calculate the remainder when 95792 is divided by 47893.
6
Calculate the remainder when 45615 is divided by 45481.
134
Calculate the remainder when 15686698 is divided by 490209.
10
What is the remainder when 934357 is divided by 25?
7
Calculate the remainder when 6697074 is divided by 1715.
1714
Calculate the remainder when 81616 is divided by 657.
148
What is the remainder when 15144724 is divided by 139?
118
What is the remainder when 101759943 is divided by 136?
119
What is the remainder when 863554997 is divided by 2500?
2497
What is the remainder when 462029 is divided by 772?
373
What is the remainder when 200024839 is divided by 20?
19
What is the remainder when 2036483 is divided by 405?
143
What is the remainder when 231432 is divided by 378?
96
Calculate the remainder when 131731 is divided by 577.
175
Calculate the remainder when 1162808 is divided by 64588.
224
What is the remainder when 13584658 is divided by 90?
58
What is the remainder when 1670513 is divided by 248?
233
What is the remainder when 2528224 is divided by 3586?
94
Calculate the remainder when 359147 is divided by 219.
206
What is the remainder when 735021 is divided by 97?
52
Calculate the remainder when 21277052 is divided by 1895.
1887
Calculate the remainder when 3319562 is divided by 1382.
1380
What is the remainder when 736094 is divided by 26288?
30
Calculate the remainder when 6236493 is divided by 1559122.
5
Calculate the remainder when 543989 is divided by 7157.
57
Calculate the remainder when 947818 is divided by 125.
68
What is the remainder when 595963 is divided by 297975?
13
What is the remainder when 13683785 is divided by 29?
19
Calculate the remainder when 4806746 is divided by 82873.
112
What is the remainder when 34092316 is divided by 503?
485
What is the remainder when 60047726 is divided by 689?
687
What is the remainder when 11017314 is divided by 5508653?
8
Calculate the remainder when 153021 is divided by 18106.
8173
What is the remainder when 275565834 is divided by 9553?
9549
What is the remainder when 2404334 is divided by 480865?
9
What is the remainder when 292221 is divided by 24328?
285
Calculate the remainder when 18169007 is divided by 624.
623
What is the remainder when 6417310 is divided by 1236?
1234
Calculate the remainder when 1792650 is divided by 945.
930
Calculate the remainder when 58734 is divided by 11.
5
Calculate the remainder when 3026492 is divided by 1056.
1052
What is the remainder when 550082 is divided by 6471?
47
What is the remainder when 2521837 is divided by 174?
55
What is the remainder when 56793 is divided by 18681?
750
Calculate the remainder when 10669730 is divided by 10669720.
10
Calculate the remainder when 89891 is divided by 89861.
30
Calculate the remainder when 182994271 is divided by 1762.
1761
Calculate the remainder when 719839 is divided by 71979.
49
Calculate the remainder when 360405 is divided by 282.
9
What is the remainder when 2825587 is divided by 2825554?
33
What is the remainder when 39035 is divided by 3109?
1727
Calculate the remainder when 480320 is divided by 209.
38
What is the remainder when 1251346 is divided by 12032?
18
What is the remainder when 2393152 is divided by 1728?
1600
What is the remainder when 11030245 is divided by 486?
475
What is the remainder when 884620 is divided by 80408?
132
What is the remainder when 396706 is divided by 18032?
2
Calculate the remainder when 3023957 is divided by 3023883.
74
Calculate the remainder when 4227431 is divided by 724.
719
Calculate the remainder when 699304 is divided by 12.
4
What is the remainder when 33985 is divided by 6522?
1375
What is the remainder when 7170426 is divided by 21?
18
Calculate the remainder when 5383769 is divided by 186.
185
Calculate the remainder when 187430 is divided by 8148.
26
Calculate the remainder when 4508676 is divided by 22.
18
What is the remainder when 80962470 is divided by 53?
41
Calculate the remainder when 141857 is divided by 650.
157
What is the remainder when 17757526 is divided by 72185?
16
Calculate the remainder when 19863834 is divided by 928.
922
Calculate the remainder when 52051999 is divided by 520.
519
Calculate the remainder when 44616470 is divided by 2201.
2200
Calculate the remainder when 12181 is divided by 3990.
211
Calculate the remainder when 26744 is divided by 580.
64
What is the remainder when 207752 is divided by 69008?
728
Calculate the remainder when 71479740 is divided by 50.
40
What is the remainder when 15864 is divided by 3395?
2284
What is the remainder when 764557 is divided by 1334?
175
Calculate the remainder when 480624 is divided by 480.
144
Calculate the remainder when 28207991 is divided by 21.
14
What is the remainde